{"id":38,"date":"2014-10-17T22:00:25","date_gmt":"2014-10-17T19:00:25","guid":{"rendered":"http:\/\/fyysikkoalumni.fi\/wordpress\/?page_id=38"},"modified":"2019-05-16T19:54:21","modified_gmt":"2019-05-16T16:54:21","slug":"yhdistysesittely","status":"publish","type":"page","link":"https:\/\/fyysikkoalumni.fi\/wordpress\/yhdistysesittely\/","title":{"rendered":"Yhdistys"},"content":{"rendered":"<h2>Mik\u00e4 on Fyysikkoalumni ry?<\/h2>\n<p>Fyysikkoalumni tuo yhteen Aalto-yliopiston Teknillisen fysiikan ja matematiikan koulutusohjelmasta valmistuneita ammattilaisia sek\u00e4 siell\u00e4 opiskelevia ja yll\u00e4pit\u00e4\u00e4 keskustelua yhteiskunnallisista ja tieteellisist\u00e4 asioista, joissa fysiikka, luonnontieteet ja matematiikka n\u00e4yttelev\u00e4t merkitt\u00e4v\u00e4\u00e4 roolia.<\/p>\n<p>Yhdistyksess\u00e4 voi tavata opiskelukavereita ja uusia tuttavuuksia, joita yhdist\u00e4\u00e4 sama opintotausta. Fyysikkoalumni luo mahdollisuuden verkostoitua samanhenkisten ihmisten kanssa. Opiskelijoille ja vastavalmistuneille se tarjoaa mahdollisuuden vanhemmille tieteenharjoittajille jakaa kokemuksiaan opiskelijoiden ja vastavalmistuneiden kanssa ja siten helpottaa heid\u00e4n siirtymist\u00e4\u00e4n ty\u00f6el\u00e4m\u00e4\u00e4n.<\/p>\n<p>Alumnin sidosryhmi\u00e4 ovat <a href=\"http:\/\/www.fyysikkokilta.fi\/\">Fyysikkokilta<\/a>, Aalto-yliopiston teknillisen fysiikan ja matematiikan osastot, fyysikkoja ty\u00f6llist\u00e4v\u00e4t yritykset, Aallon alumniverkosto <a href=\"https:\/\/alumninet.aalto.fi\/\">AlumniNET<\/a> sek\u00e4 muut Aallon alumnij\u00e4rjest\u00f6t. Alumnin kautta saa tietoa siit\u00e4, millaista teknillisen fysiikan ja matematiikan opiskelu on nyky\u00e4\u00e4n ja voi my\u00f6s vaikuttaa siihen, millaista se on tulevaisuudessa.<\/p>\n<p>Yhdistys on perustettu vuonna 2004 ja tavoitteenamme on\u00a0saada kaikki Teknillisen Korkeakoulun ja Aallon teknillisest\u00e4 fysiikasta ja matematiikasta valmistuneet j\u00e4seniksemme. Tule mukaan!<\/p>\n<h2>Yhdistyksen toiminta<\/h2>\n<p>Tarkoituksensa toteuttamiseksi Fyysikkoalumni yhdistyksen\u00e4:<\/p>\n<ul>\n<li>j\u00e4rjest\u00e4\u00e4 kokouksia, yritysekskursioita ja muita tutustumisk\u00e4yntej\u00e4 sek\u00e4 sosiaalisia verkostoitumistapahtumia;<\/li>\n<li>auttaa uusia j\u00e4seni\u00e4\u00e4n perehtym\u00e4\u00e4n ammattiyhteis\u00f6\u00f6n;<\/li>\n<li>pit\u00e4\u00e4 yhteytt\u00e4 Fyysikkokiltaan ja sen j\u00e4seniin, alan muihin ammatillisiin j\u00e4rjest\u00f6ihin ja yrityksiin;<\/li>\n<li>my\u00f6nt\u00e4\u00e4 stipendej\u00e4 ja avustuksia yhdistyksen tarkoituksen mukaisesti<\/li>\n<\/ul>\n<h2>Verkostoituminen<\/h2>\n<p>Fyysikkoalumni pyrkii edesauttamaan j\u00e4senten ja muidenkin fyysikoiden verkostoitumista kulloinkin k\u00e4ytett\u00e4viss\u00e4 olevin keinoin. Hallitus on perustanut Fyysikkoalumni-ryhm\u00e4n useisiin verkostopalveluihin ja niiden kautta pyrit\u00e4\u00e4n tiedottamaan tapahtumista ja muista uutisista varsinaisten virallisten j\u00e4sentiedotteiden ja verkkosivujen lis\u00e4ksi.<\/p>\n<p>Verkostopalveluissa olevien ryhmien j\u00e4seniksi hyv\u00e4ksyt\u00e4\u00e4n muitakin kuin yhdistyksen varsinaisia ja ainaisj\u00e4seni\u00e4. Ryhmien j\u00e4seneksi hyv\u00e4ksyminen ei siis suoraan tuo yhdistyksen j\u00e4senyytt\u00e4, muista t\u00e4ytt\u00e4\u00e4 <a title=\"J\u00e4seneksi liittyminen\" href=\"http:\/\/fyysikkoalumni.fi\/wordpress\/jaseneksi-liittyminen\/\">j\u00e4senhakemus<\/a> ellet ole viel\u00e4 tehnyt sit\u00e4. T\u00e4ll\u00e4 hetkell\u00e4 Fyysikkoalumni yll\u00e4pit\u00e4\u00e4 ryhmi\u00e4 seuraavissa verkostoissa:<\/p>\n<ul>\n<li><a href=\"https:\/\/alumninet.aalto.fi\/SCI\/network\/?GroupID=34\" target=\"_blank\" rel=\"noopener noreferrer\">Fyysikkoalumni ry:n ryhm\u00e4 Aalto-yliopiston AlumniNETiss\u00e4<\/a><\/li>\n<li><a href=\"http:\/\/www.linkedin.com\/groups?gid=37883\" target=\"_blank\" rel=\"noopener noreferrer\">Fyysikkoalumni ry:n ryhm\u00e4 Linkedin-palvelussa<\/a><\/li>\n<li><a href=\"http:\/\/www.facebook.com\/group.php?gid=5820945417\" target=\"_blank\" rel=\"noopener noreferrer\">Fyysikkoalumni ry:n ryhm\u00e4 Facebookissa<\/a><\/li>\n<\/ul>\n<p>Huomaa, ett\u00e4 kuhunkin ryhm\u00e4\u00e4n liittyminen vaatii rekister\u00f6itymisen kyseiseen verkostopalveluun.<\/p>\n","protected":false},"excerpt":{"rendered":"<p>Mik\u00e4 on Fyysikkoalumni ry? Fyysikkoalumni tuo yhteen Aalto-yliopiston Teknillisen fysiikan ja matematiikan koulutusohjelmasta valmistuneita ammattilaisia sek\u00e4 siell\u00e4 opiskelevia ja yll\u00e4pit\u00e4\u00e4 keskustelua yhteiskunnallisista ja tieteellisist\u00e4 asioista, joissa fysiikka, luonnontieteet ja matematiikka n\u00e4yttelev\u00e4t merkitt\u00e4v\u00e4\u00e4 roolia. Yhdistyksess\u00e4 voi tavata opiskelukavereita ja uusia tuttavuuksia, joita yhdist\u00e4\u00e4 sama opintotausta. Fyysikkoalumni luo mahdollisuuden verkostoitua samanhenkisten ihmisten kanssa. Opiskelijoille ja vastavalmistuneille se [&hellip;]<\/p>\n<a href=\"https:\/\/fyysikkoalumni.fi\/wordpress\/yhdistysesittely\/\">Lue lis\u00e4\u00e4...<\/a>","protected":false},"author":1,"featured_media":0,"parent":0,"menu_order":0,"comment_status":"closed","ping_status":"closed","template":"","meta":[],"_links":{"self":[{"href":"https:\/\/fyysikkoalumni.fi\/wordpress\/wp-json\/wp\/v2\/pages\/38"}],"collection":[{"href":"https:\/\/fyysikkoalumni.fi\/wordpress\/wp-json\/wp\/v2\/pages"}],"about":[{"href":"https:\/\/fyysikkoalumni.fi\/wordpress\/wp-json\/wp\/v2\/types\/page"}],"author":[{"embeddable":true,"href":"https:\/\/fyysikkoalumni.fi\/wordpress\/wp-json\/wp\/v2\/users\/1"}],"replies":[{"embeddable":true,"href":"https:\/\/fyysikkoalumni.fi\/wordpress\/wp-json\/wp\/v2\/comments?post=38"}],"version-history":[{"count":8,"href":"https:\/\/fyysikkoalumni.fi\/wordpress\/wp-json\/wp\/v2\/pages\/38\/revisions"}],"predecessor-version":[{"id":1983,"href":"https:\/\/fyysikkoalumni.fi\/wordpress\/wp-json\/wp\/v2\/pages\/38\/revisions\/1983"}],"wp:attachment":[{"href":"https:\/\/fyysikkoalumni.fi\/wordpress\/wp-json\/wp\/v2\/media?parent=38"}],"curies":[{"name":"wp","href":"https:\/\/api.w.org\/{rel}","templated":true}]}}